= -51, -5*v = 3*b - 73. Suppose w + 1 = b. List the prime factors of w.
3, 5
Suppose 3*k - 2*b = -3*b - 1, -4*k - b = 3. Let p = 8 + k. List the prime factors of p.
2, 3
Let m(n) = n**3 + n**2 + n + 1. Let p(d) = 5*d**3 + d**2 + 7*d + 5. Let b(c) = -6*m(c) + p(c). Let u be b(-5). List the prime factors of 7 - (-1)/(3/u).
5
Let d(x) = x - 6. Let f be d(10). Suppose 2*z + 14 = 5*n - f*n, -77 = -4*n + z. Suppose n = p + p. What are the prime factors of p?
2, 5
Suppose 20 = 16*y - 12*y. Suppose 3*r - 3*j - 42 = 0, -y*r + 29 = -2*j - 32. List the prime factors of r.
11
Suppose -5*a + 5*c = -20, -c + 2 = 7. Let y(u) = -10*u - 1. Let x be y(-1). Let h = a + x. What are the prime factors of h?
2
Suppose 5*a - 744 = 4*w, -7*w - 745 = -5*a - 2*w. List the prime factors of a.
2, 37
Let j = -5 - -5. Suppose -4*g - 3*s + j*s + 24 = 0, -12 = -2*g - 4*s. Let p(b) = b**2 - 2*b - 2. List the prime factors of p(g).
2, 11
Let s = -4 + 7. Let d = s + 10. What are the prime factors of d?
13
List the prime factors of 28 - (-7 + 2 - -9).
2, 3
Let q(g) = 6*g - 4. Suppose 2*h - 14 = -5*l, -l - 4*l + 29 = -3*h. What are the prime factors of q(l)?
2, 5
Suppose 0 = 4*o, -2*m + 7 = 5*o + 19. What are the prime factors of (-210)/(-9) + (-4)/m?
2, 3
Let w(m) = 2*m**2 + 6*m - 2. List the prime factors of w(5).
2, 3, 13
Let q(y) = y**2 + y - 4. Let a be q(-3). Suppose 0*v - 5*v = -a*w - 4, -2*w + 10 = 2*v. List the prime factors of w.
3
Suppose d - 25 = -4. List the prime factors of d.
3, 7
Let m = 376 + -212. List the prime factors of m.
2, 41
Suppose -22*f - 56 = -23*f. What are the prime factors of f?
2, 7
Let d be (5/(-3))/(1/(-9)). Suppose -4*x + 0*x = 5*j - 53, -d = -3*j. What are the prime factors of x?
7
Let d = -8 + 6. List the prime factors of 5/d*(-12)/10.
3
What are the prime factors of 3/((-9)/(-291) + 0)?
97
Let z(p) = p**2 - 2*p - 4. Let k be ((-24)/10)/((-9)/(-30)). Let w = k - -12. List the prime factors of z(w).
2
Let s(f) = 11*f**3 + f**2. Let j(c) = -c**2 - 7*c - 5. Let a be j(-6). What are the prime factors of s(a)?
2, 3
Let a = 1 - 4. Let v = 7 + a. Let q = -2 + v. What are the prime factors of q?
2
Suppose 3*c - 8*c - 15 = 0. List the prime factors of -2 + (-9)/c + 9.
2, 5
What are the prime factors of 12/5*280/21?
2
Let x = 236 - 137. List the prime factors of x.
3, 11
Suppose -5*g + 190 = -0. List the prime factors of g.
2, 19
Suppose -n - i + 28 = -0*i, i = -5*n + 148. What are the prime factors of n?
2, 3, 5
Let t = -3 + 5. Suppose 5*v + 10 = -5*i, 2*i + 2 = -4*v - 4. List the prime factors of v/t - (-30)/4.
7
Let q = -8 - -12. What are the prime factors of q?
2
Suppose 2*u + 16 - 4 = 0. List the prime factors of ((-3)/u)/(1/26).
13
Let c = 20 - -8. List the prime factors of c.
2, 7
Suppose 0 = 2*i - 0 - 4. Suppose -i*x - 2*x - 8 = 0. Let q = 6 + x. List the prime factors of q.
2
Suppose -b - 7 = 3. Let c = -3 - b. What are the prime factors of c?
7
Suppose -15 = t - 18. Suppose n + t*n - 134 = -2*g, g = 5*n - 157. What are the prime factors of n?
2
Suppose 5 + 16 = 3*z. Suppose r - 10 = -z. List the prime factors of r.
3
Suppose -2*b + 247 + 25 = 0. Suppose 4*s - b = -5*r, 144 = 4*s + 7*r - 4*r. List the prime factors of s.
3, 13
Suppose -h = -2 - 0. List the prime factors of 20/h - (1 - 3).
2, 3
Let t(h) = h**2 - h + 2. List the prime factors of t(-4).
2, 11
Let w be (-16)/(-6) - (-1)/3. Suppose 4 = p, w*l = 3*p - 90 + 246. Suppose 0 = u + q - 24, -4*u + 4*q = -0*u - l. What are the prime factors of u?
19
Let q be -2 + 4 - (-1)/1. Let d = q + -1. Let t = d - -2. List the prime factors of t.
2
Let v = 51 - 28. What are the prime factors of v + 1/2*2?
2, 3
Let z(p) = -p**3 - 7*p**2 + 9*p + 10. Let q be z(-8). Suppose 6*w - 3*w + 4*b = 17, -q*w - 4*b + 14 = 0. List the prime factors of w.
3
Let d(f) = 5*f**2 + 3*f - 5. What are the prime factors of d(-7)?
3, 73
Suppose -5*w = -3*s + 152, -4*s - 2*w + 3*w = -214. Suppose -3*d + s = 12. Suppose -h + 4*u + d = 0, 4*h - 2*u + u = 26. List the prime factors of h.
2, 3
Let l(v) = -v**3 - v**2 + 3. Let k(u) = -u - 3. Let g be k(-3). Let z be l(g). Suppose -2*c + z*p - 5 = 8*p, -p = 2*c - 7. List the prime factors of c.
5
Let v(r) be the first derivative of -r**4/2 - r**3/3 + r - 4. Let z be v(-1). What are the prime factors of (z - -18 - -2) + -3?
19
Let g be 1/(-1) + (1 - -6). Let f be (-11)/(-3) - (-2)/g. Suppose -m + 1 = 5*o - 26, 0 = f*m - 3*o + 7. What are the prime factors of m?
2
Let a = 6 - -5. Suppose 2*b - a - 5 = 0. What are the prime factors of b?
2
Let h = -191 - -327. Suppose 0 = -4*l - 16 + h. What are the prime factors of l?
2, 3, 5
Suppose 6*l = l + 60. List the prime factors of l/(-15) - (-116)/20.
5
Let r be ((-4)/6)/(10/15). What are the prime factors of (r - -1) + 2 - -8?
2, 5
Let j = -393 + 712. What are the prime factors of j?
11, 29
Let f(q) = -3*q + 5. Suppose -2*c + 3*y = -5*c + 18, -5*c - 2*y = -24. Let r be f(c). Let m = r + 11. List the prime factors of m.
2
Let k = 6 - 4. Suppose -2*v - v = -k*s + 26, 0 = -4*s + v + 42. Suppose -5*l = -s*l + 80. List the prime factors of l.
2
Let d = -23 - -120. What are the prime factors of d?
97
Suppose k + 3*s + 3 = 3*k, 3*k - 5 = 4*s. Suppose -k*v - 30 = -4*v. Suppose 3*q + 2*q - v = 0. What are the prime factors of q?
2, 3
Suppose 4*c + m - 736 = 0, c - 4*c - 3*m + 543 = 0. List the prime factors of c.
5, 37
Suppose 15*m = 25*m - 2340. What are the prime factors of m?
2, 3, 13
Let d = 14 - 4. What are the prime factors of d?
2, 5
Let o(x) = -7*x**3 + x**2 + 4*x + 4. What are the prime factors of o(-3)?
2, 5, 19
List the prime factors of -4 - (175 - 4)/(-3).
53
Suppose 5*s - 104 = s + 4*i, -106 = -4*s + 5*i. Suppose 5*a + s = 3*d - 20, -5*d = a - 64. Suppose -4*n + d + 12 = 5*w, -n = 0. What are the prime factors of w?
5
Suppose 0 = -5*y + 274 + 1091. List the prime factors of y.
3, 7, 13
Suppose 4*f - 2*q - 18 = 0, 0*f = -f - q. Suppose -f*b = -10 - 8. What are the prime factors of b?
2, 3
What are the prime factors of (-510)/8*(-26 + 22)?
3, 5, 17
Let r(j) = j**2 + 2*j + 4. Let y be -3 + (0 - 2 - 0). What are the prime factors of r(y)?
19
Suppose -v - 90 = 4*v. Let z = -4 - v. What are the prime factors of z?
2, 7
Let k(y) be the first derivative of y**4/4 + 4*y**3 - y**2/2 - 5*y - 1. What are the prime factors of k(-12)?
7
Let r(f) = -185*f**3 + 2*f + 2. List the prime factors of r(-1).
5, 37
Let r(s) = -s**3 + 10*s**2 + 10. Suppose n + 40 = -3*y - 0*n, 40 = -2*y + 2*n. Let l = y - -25. List the prime factors of r(l).
2, 5
Let q = 5 - -1. Let c = q - 1. What are the prime factors of (1 + c)/((-18)/(-24))?
2
Let z = 5 + 4. What are the prime factors of z?
3
Suppose 2*r - 8 = -4. Suppose 5 = -r*t - 5. Let m = t - -12. What are the prime factors of m?
7
Suppose -u = 5 + 5. Let w = u - 19. Let j = w - -47. List the prime factors of j.
2, 3
Suppose 2*w = 5*o - 249, 4*o = o - w + 156. List the prime factors of o.
3, 17
Let g be (-34)/(-8) + (-3)/12. Suppose 9*o = g*o + 4*k + 41, 5*k = -20. What are the prime factors of o?
5
Let j(m) = -m**3 + 11*m**2 + m - 24. What are the prime factors of j(10)?
2, 43
Let k(v) = 5*v - 10. List the prime factors of k(8).
2, 3, 5
Let g(o) = -o**3 + o**2 - o. Let x be g(1). List the prime factors of 14 - (x - (0 - 1)).
2, 7
List the prime factors of 2*(-2 - -1)*(-294)/14.
2, 3, 7
Let p(i) = 2*i**2 + i. Suppose -3*j - 27 = -4*l, 13 = 2*l - l - 2*j. Let f be p(l). Let s = f - 12. List the prime factors of s.
3
List the prime factors of 5 + -4 + (0 - -228).
229
Let r(a) be the third derivative of -a**4/12 - a**3/3 - 2*a**2. What are the prime factors of r(-6)?
2, 5
List the prime factors of 6/(24/140)*2.
2, 5, 7
Let f(a) = 5*a + 13*a + 4 - 17*a. List the prime factors of f(8).
2, 3
Suppose 2*l - 389 = i, -4*i - 539 = -2*l - 135. List the prime factors of l.
2, 3
Let d(f) be the first derivative of 6*f + 2/3*f**3 - 2 - 5/2*f**2. List the prime factors of d(4).
2, 3
Let l be (-3)/(-5) + (-8)/5. Let n = 4 + l. Suppose -2*g + g - 5 = 5*u, -4*g - n*u = -48. What are the prime factors of g?
3, 5
Suppose 0 = c + 3*m - 0*m - 3, 2*c = -4*m + 14. List the prime factors of c.
3, 5
List the prime factors of (1/3)/(6/414).
23
Suppose -g = -5 - 5. Suppose -4*v + 2 = -g. What are the prime factors of 14 - v*(-3 - -2)?
17
Let